12354 (base 6) to base 7
-2503642
What is -291e3a (base 16) in base 9?
-5056406
What is -22341443 (base 5) in base 8?
-605707
What is 116e710 (base 15) in base 13?
27899a9
What is 3b08 (base 16) in base 6?
153544
Convert -576303 (base 8) to base 6.
-4110215
What is 8c434 (base 14) in base 15?
6b0e1
227415 (base 11) to base 8
1301361
-10110100000011010 (base 2) to base 15
-1c4ab
211333112 (base 4) to base 14
409ca
Convert 10005543 (base 8) to base 13.
586b58
Convert d7bee (base 15) to base 10.
684449
What is 21032 (base 5) in base 6?
10240
Convert 3c6a3 (base 15) to base 2.
101111010101010110
What is 141575 (base 8) in base 15?
ec65
-120113122 (base 4) to base 16
-185da
Convert -12302002 (base 5) to base 8.
-350332
Convert 783582 (base 10) to base 6.
24443410
What is -1b6e59 (base 16) in base 11?
-1018722
Convert 20178 (base 13) to base 12.
29266
Convert 102489 (base 10) to base 9.
165526
1723a4 (base 12) to base 3
202012221121
Convert 12244403 (base 6) to base 7.
3233406
-1f87 (base 16) to base 8
-17607
1080101 (base 10) to base 15
16506b
What is 100010011010000100 (base 2) in base 3?
21011022201
32517030 (base 8) to base 12
240b6a0
What is 1146221 (base 13) in base 10?
5325893
Convert 123b66 (base 14) to base 10.
625134
Convert -2f4a9 (base 16) to base 4.
-233102221
Convert 10123102221 (base 4) to base 14.
222c2d
What is -c55001 (base 14) in base 13?
-14c235a
Convert -3313132440 (base 5) to base 12.
-2494558
What is -1000000100000010011011 (base 2) in base 7?
-23652236
What is 101303031131 (base 4) in base 15?
6228a5
1010000110000000100101 (base 2) to base 7
31330304
What is 2210254 (base 6) in base 16?
1aeba
-9bbd (base 14) to base 2
-110100110001011
What is -203253 (base 10) in base 6?
-4204553
5614 (base 9) to base 5
113034
Convert -314613 (base 8) to base 6.
-2125215
-222322052 (base 7) to base 10
-13467932
Convert -1316fb (base 16) to base 14.
-247cdd
What is 1002012000002 (base 3) in base 2?
10001100001111110110
a2b51 (base 12) to base 15
42e41
What is -210331300 (base 4) in base 8?
-447560
Convert -3230000 (base 4) to base 5.
-440404
What is 111110100001111110111001 (base 2) in base 5?
13144021441
What is -11121012021 (base 3) in base 7?
-524650
Convert -11133244 (base 5) to base 6.
-2043131
-1012333011 (base 4) to base 15
-5b23c
What is -547381 (base 10) in base 14?
-1036a9
What is 14310511 (base 6) in base 2?
1110111111101101011
Convert -12022201120 (base 3) to base 16.
-19947
What is 1011110100100000101010 (base 2) in base 7?
35224004
Convert -52777 (base 10) to base 5.
-3142102
17f132 (base 16) to base 11
981961
237474 (base 8) to base 10
81724
What is -63615a (base 11) in base 8?
-3705041
What is -1d947 (base 14) in base 2?
-10010100010001011
-163291 (base 13) to base 3
-1000221001111
Convert 4016373 (base 8) to base 3.
1222122112221
Convert 130080 (base 11) to base 2.
110010000100000110
647409 (base 13) to base 2
1000111111101100110010
98ee2 (base 16) to base 13
18c16a
31d0c9 (base 14) to base 12
694849
Convert -19901ac (base 13) to base 11.
-4835484
Convert 650836 (base 10) to base 6.
21541044
What is 829078 (base 10) in base 4?
3022122112
241324104 (base 5) to base 16
111911
-122122121 (base 3) to base 16
-3244
Convert -2a177 (base 14) to base 5.
-11321243
What is 116b17 (base 13) in base 12?
180143
1d464 (base 16) to base 12
59484
What is -2b299a (base 16) in base 7?
-33020635
796842 (base 15) to base 14
aab3d8
-a76582 (base 12) to base 13
-7179b3
118826 (base 11) to base 14
4c3b2
Convert -5720289 (base 10) to base 6.
-322334453
Convert 3362a (base 16) to base 3.
101200201100
Convert -25254022 (base 6) to base 8.
-3071676
What is -6737d9 (base 14) in base 7?
-41540362
-2a379 (base 15) to base 2
-100001001001101101
Convert -2000110 (base 6) to base 10.
-93354
Convert 157b54 (base 16) to base 3.
2122112011210
What is 21c002 (base 15) in base 9?
3023302
140452 (base 6) to base 16
3350
-5436b2 (base 12) to base 2
-101000101100000100110
Convert -100110111010010000110001 (base 2) to base 13.
-2161991
296c9 (base 15) to base 4
200200230
What is -c52 (base 13) in base 9?
-2777
What is -111012122002 (base 3) in base 8?
-773621
Convert 96f3f (base 16) to base 13.
18857a
Convert -212011002012 (base 3) to base 12.
-19b858
What is 223573 (base 11) in base 6?
11344234
What is -10322231330 (base 4) in base 14?
-257ad6
913a75 (base 11) to base 2
101100110101111001001
Convert 6545662 (base 7) to base 6.
25103014
What is 132333100 (base 4) in base 3?
20110010001
Convert 316257 (base 8) to base 5.
11340042
Convert 2869532 (base 10) to base 5.
1213311112
-63415 (base 12) to base 7
-1051400
What is 23749 (base 14) in base 2?
10101000111100101
What is 100000000010101011000110 (base 2) in base 13?
198126b
What is 1110111111000001100101 (base 2) in base 10?
3928165
What is -100110101011100100 (base 2) in base 7?
-1226625
Convert dc8a (base 16) to base 10.
56458
-11633 (base 12) to base 5
-1221432
Convert 401303401 (base 5) to base 2.
110000011101100001000
-30662542 (base 7) to base 9
-4772424
Convert 1001010110010100101 (base 2) to base 8.
1126245
Convert -70853 (base 11) to base 9.
-166884
227969 (base 13) to base 3
1112111021222
-1e3126 (base 15) to base 13
-3c9c78
Convert -1996a41 (base 12) to base 8.
-24541521
-a767 (base 13) to base 11
-16506
26401b9 (base 13) to base 7
203651406
Convert -4071215 (base 10) to base 6.
-223132115
Convert 8a291 (base 11) to base 12.
63824
1a9aa4 (base 11) to base 4
1032103330
-23531415 (base 6) to base 12
-2b9b6b
What is -110110111011001111 (base 2) in base 15?
-469d5
Convert 6257 (base 14) to base 8.
41045
Convert 214121 (base 12) to base 2.
10000000010010101001
-2589866 (base 12) to base 9
-14826216
Convert -202457 (base 9) to base 13.
-42787
-2332211 (base 12) to base 5
-3214100204
What is 8865b3 (base 13) in base 5?
1310304010
What is -1041003213 (base 5) in base 6?
-120523203
Convert -1134b5 (base 12) to base 11.
-178a63
-411111141 (base 6) to base 8
-32722105
Convert 2303b8 (base 12) to base 11.
353085
415501 (base 7) to base 15
1632a
Convert 977941 (base 11) to base 14.
2c955b
What is 44250041 (base 6) in base 10?
1328425
What is -1002145 (base 7) in base 14?
-31225
What is -10667108 (base 9) in base 13?
-10c5788
What is 22201022220 (base 3) in base 7?
1313106
-785481 (base 11) to base 5
-310023323
What is -1061791 (base 10) in base 15?
-15e911
-a602 (base 13) to base 12
-11376
Convert 677784 (base 10) to base 8.
2453630
Convert -16414632 (base 7) to base 8.
-6066363
51412 (base 12) to base 8
317016
Convert -157713 (base 10) to base 14.
-41693
Convert -768224 (base 11) to base 4.
-10223112013
What is 2201201010111 (base 3) in base 10?
1450804
Convert 10010110111100101 (base 2) to base 14.
20245
207773 (base 9) to base 2
11110001110111010
What is 2966408 (base 11) in base 15?
6a7c55
What is 71351 (base 10) in base 2?
10001011010110111
4e874d (base 15) to base 12
132066a
What is -c948e (base 16) in base 5?
-202340322
Convert 2480115 (base 10) to base 11.
1444390
Convert 58225 (base 15) to base 16.
44822
Convert -1302012323 (base 4) to base 8.
-1620673
Convert 29935b (base 12) to base 6.
23002155
-16b11 (base 14) to base 5
-3311201
Convert -11da71e (base 15) to base 7.
-214111355
-1a77a99 (base 12) to base 16
-55f455
Convert 43443 (base 14) to base 3.
22021020101
1002010102121 (base 3) to base 7
4605310
What is 2614808 (base 9) in base 3?
2200111220022
Convert 38383 (base 10) to base 7.
216622
What is -6ea70 (base 15) in base 14?
-92ab9
What is 1022111011 (base 3) in base 11?
18489
-25b472 (base 12) to base 14
-122462
1864308 (base 9) to base 10
1046366
Convert 484bb (base 12) to base 4.
113303033
What is 1111202012020 (base 3) in base 2?
11000011110011111001
bc95e (base 15) to base 14
118689
Convert 1580c7 (base 15) to base 13.
2a52cc
Convert a2c4 (base 14) to base 16.
6d64
-294c1 (base 14) to base 13
-37852
-2a7b4e (base 16) to base 6
-135401130
Convert -3644d (base 14) to base 5.
-13220230
What is -16675523 (base 8) in base 2?
-1110110111101101010011
Convert 2344c (base 15) to base 14.
2cd2b
-32316 (base 16) to base 2
-110010001100010110
-1880670 (base 9) to base 15
-15d230
What is 1011000010101000000 (base 2) in base 15?
722e7
Convert 6b2a02 (base 15) to base 12.
187023b
What is b7c1d (base 15) in base